e of 5?
True
Is 14054310 a multiple of 6?
True
Is 1373070 a multiple of 71?
False
Is 1175 a factor of 101416276?
False
Is 5 a factor of 13905710?
True
Is 658 a factor of 8513862?
True
Is 112671502 a multiple of 4423?
True
Is 3034 a factor of 110331410?
True
Does 295 divide 564924374?
False
Is 10 a factor of 138575490?
True
Is 365 a factor of 870691398?
False
Does 22 divide 35197357?
False
Is 18 a factor of 38286342?
True
Is 21 a factor of 18139884?
True
Does 2092 divide 1233229816?
True
Is 494524953 a multiple of 9?
True
Does 3293 divide 37775767?
False
Is 114339920 a multiple of 4?
True
Is 515206276 a multiple of 2372?
False
Is 2505 a factor of 384214395?
True
Is 2 a factor of 39157849?
False
Is 74791584 a multiple of 168?
True
Does 425 divide 176662060?
False
Is 86817209 a multiple of 2796?
False
Does 82 divide 801102530?
False
Is 136941635 a multiple of 82?
False
Is 802 a factor of 110407164?
False
Is 32 a factor of 32009696?
True
Does 2919 divide 175851129?
False
Does 342 divide 854648888?
False
Is 3335127232 a multiple of 2872?
True
Is 2982860022 a multiple of 1371?
True
Does 27 divide 333383130?
False
Is 11715381 a multiple of 1671?
True
Is 20 a factor of 274913120?
True
Is 7039 a factor of 5667063705?
True
Does 13 divide 80969837?
True
Does 81 divide 17709656?
False
Is 6 a factor of 1223814?
True
Is 6016615 a multiple of 47?
False
Is 1633 a factor of 11980310?
False
Does 4099 divide 501830937?
False
Is 61612258 a multiple of 21?
False
Is 3701 a factor of 217333823?
True
Does 116 divide 14983899?
False
Is 1641 a factor of 5408736?
True
Is 84 a factor of 94004316?
True
Does 11 divide 635761769?
False
Is 20549934 a multiple of 168?
False
Does 127 divide 10034661?
False
Is 961434304 a multiple of 734?
True
Is 876539666 a multiple of 8663?
True
Does 2506 divide 45699416?
True
Is 46262392 a multiple of 41?
False
Does 5 divide 206980837?
False
Is 1093205 a multiple of 8?
False
Is 73 a factor of 22061768?
True
Is 33838623 a multiple of 1669?
False
Is 8448346 a multiple of 10?
False
Is 70112336 a multiple of 54?
False
Is 710680522 a multiple of 143?
False
Does 511 divide 16880885?
True
Is 727782206 a multiple of 34?
True
Is 2109630937 a multiple of 119?
False
Is 104066573 a multiple of 1999?
False
Does 82 divide 347872878?
False
Does 1704 divide 64428871?
False
Is 252 a factor of 46801225?
False
Is 29 a factor of 11979697?
True
Is 347568122 a multiple of 3053?
False
Does 314 divide 25518466?
True
Is 117400235 a multiple of 218?
False
Is 48 a factor of 438937325?
False
Does 345 divide 140894642?
False
Is 443636854 a multiple of 162?
False
Is 4771828009 a multiple of 1545?
False
Is 78276490 a multiple of 1985?
True
Is 2470500 a multiple of 540?
True
Does 75 divide 3288103342?
False
Is 40817364 a multiple of 1839?
False
Is 2044 a factor of 47563670?
False
Is 2263 a factor of 850724909?
False
Does 521 divide 62510433?
False
Is 129 a factor of 13668453?
True
Does 951 divide 4114070?
False
Is 456586670 a multiple of 11?
False
Is 21739334 a multiple of 8?
False
Is 131 a factor of 242656409?
True
Does 194 divide 1476759119?
False
Is 18 a factor of 519144492?
False
Is 53 a factor of 4258000846?
False
Is 4 a factor of 239017291?
False
Is 268 a factor of 2311140?
False
Is 339 a factor of 369301515?
True
Is 41636746 a multiple of 10?
False
Is 2037858585 a multiple of 665?
True
Is 3261 a factor of 3833670229?
False
Is 411 a factor of 410539605?
False
Does 815 divide 139344830?
False
Is 58 a factor of 62484502?
True
Is 14608296 a multiple of 54?
True
Is 45582010 a multiple of 9?
False
Does 154 divide 3330760?
False
Is 30998925 a multiple of 2799?
True
Is 1128540 a multiple of 28?
True
Does 1356 divide 111060317?
False
Does 2015 divide 41216670?
False
Does 13 divide 83967308?
False
Is 542 a factor of 27103007?
False
Is 185 a factor of 3057221385?
True
Is 480 a factor of 4774560?
True
Does 20 divide 867393525?
False
Does 61 divide 206644837?
False
Is 38370520 a multiple of 912?
False
Is 15467584 a multiple of 64?
True
Does 10 divide 54465289?
False
Is 10 a factor of 1826067936?
False
Does 2006 divide 1856440664?
True
Is 932780314 a multiple of 242?
False
Does 30 divide 81895835?
False
Is 25792890 a multiple of 138?
True
Is 138 a factor of 2502393192?
True
Is 785093094 a multiple of 18?
True
Is 185610768 a multiple of 9?
False
Is 78171961 a multiple of 828?
False
Is 33765641 a multiple of 13?
True
Is 28 a factor of 2239820492?
True
Does 25 divide 55202403?
False
Is 319 a factor of 487236134?
True
Does 37 divide 37354830?
True
Is 127132728 a multiple of 322?
False
Does 205 divide 148752082?
False
Does 393 divide 3662501047?
False
Is 13 a factor of 161561153?
True
Is 496 a factor of 25032610?
False
Is 37195615 a multiple of 149?
True
Does 248 divide 3720000?
True
Is 5 a factor of 1905950?
True
Is 1745449840 a multiple of 340?
True
Is 755 a factor of 18187195?
True
Is 20 a factor of 10895700?
True
Does 11 divide 11826353?
True
Is 618 a factor of 25109340?
True
Does 1209 divide 832941005?
False
Does 314 divide 326841885?
False
Does 569 divide 34821501?
False
Does 122 divide 9130380?
False
Does 4634 divide 103646849?
False
Does 2532 divide 248248188?
False
Is 56 a factor of 39010160?
True
Is 50 a factor of 2765099148?
False
Is 124728089 a multiple of 324?
False
Is 10552539 a multiple of 12?
False
Is 882 a factor of 2519161344?
True
Does 242 divide 5047021562?
True
Is 4323522804 a multiple of 224?
False
Is 168306870 a multiple of 3455?
True
Is 47 a factor of 58623382?
True
Does 87 divide 40710182?
False
Does 107 divide 319358690?
False
Is 1172 a factor of 39184864?
False
Is 6 a factor of 642960?
True
Is 30677373 a multiple of 27?
True
Is 24695095 a multiple of 64?
False
Is 102 a factor of 14965440?
True
Is 69669484 a multiple of 4?
True
Is 2743 a factor of 4020312279?
False
Does 645 divide 142670925?
False
Does 1702 divide 31558484?
True
Is 978819383 a multiple of 181?
False
Is 1179362950 a multiple of 41?
True
Does 1379 divide 257799913?
True
Does 18 divide 42079019?
False
Is 15 a factor of 152593382?
False
Does 27 divide 73145937?
False
Does 694 divide 8643770?
True
Is 313257168 a multiple of 21?
True
Is 60 a factor of 3149161666?
False
Is 8 a factor of 53604158?
False
Is 911169077 a multiple of 833?
False
Is 12 a factor of 21183264?
True
Does 11 divide 24139049?
True
Is 4969 a factor of 2718878228?
False
Does 1549 divide 239332892?
True
Is 9650544 a multiple of 22?
False
Is 119 a factor of 3956390501?
True
Is 677373424 a multiple of 1898?
True
Is 27 a factor of 21584637?
True
Is 610 a factor of 1975840361?
False
Does 104 divide 323135488?
True
Is 469929460 a multiple of 1001?
True
Does 176 divide 232001968?
True
Is 9736 a factor of 5744543810?
False
Is 18 a factor of 1130482134?
True
Does 183 divide 469057731?
True
Does 3051 divide 5898269475?
True
Is 139591696 a multiple of 527?
False
Does 98 divide 86226603?
False
Is 5 a factor of 23798330?
True
Does 37 divide 459805603?
False
Is 312 a factor of 29110567?
False
Does 340 divide 1332828052?
False
Does 25 divide 112877575?
True
Is 53443589 a multiple of 16?
False
Is 23 a factor of 12895696?
False
Does 10 divide 386262551?
False
Does 889 divide 24901708?
False
Is 623949452 a multiple of 7175?
False
Does 1147 divide 143404822?
True
Does 377 divide 1233120583?
False
Is 1023979781 a multiple of 1412?
False
Is 104180558 a multiple of 2703?
False
Is 2016776516 a multiple of 727?
True
Does 1312 divide 121856661?
False
Is 416172289 a multiple of 1554?
False
Does 2131 divide 56226435?
True
Does 18 divide 1762940484?
True
Is 259 a factor of 630089136?
False
Does 12 divide 62509896?
True
Is 1225 a factor of 1574125?
True
Is 5 a factor of 28655835?
True
Is 6808583 a multiple of 8?
False
Is 31809160 a multiple of 10?
True
Does 7 divide 6820009?
True
Does 24 divide 4740406085?
False
Is 185 a factor of 76708726?
False
Does 31 divide 261868501?
True
Is 98 a factor of 10939838?
True
Is 15413314 a multiple of 446?
True
Is 38 a factor of 364753864?
False
Is 625 a factor of 9388750?
True
Does 6 divide 1024830?
True
Is 30714393 a multiple of 29?
True
Does 73 divide 292906587?
True
Is 116 a factor of 156312784?
True
Is 6766022 a multiple of 1394?
False
Does 1011 divide 63158126?
False
Is 5193038 a multiple of 533?
False
Is 497865861